04
111212020 (base 3) to base 16
2778
What is -521a2 (base 11) in base 15?
-17835
What is -220020 (base 3) in base 12?
-466
Convert -3301 (base 10) to base 9.
-4467
What is 1245043 (base 6) in base 4?
100232103
What is 130 (base 5) in base 4?
220
Convert 21252 (base 7) to base 5.
132110
-1c905 (base 14) to base 7
-423105
Convert -13643 (base 7) to base 16.
-eab
Convert -a10 (base 13) to base 14.
-899
What is -16c (base 15) in base 2?
-101000111
8b9 (base 12) to base 15
5b3
Convert -1066 (base 11) to base 13.
-83c
-103d (base 15) to base 11
-2641
What is 1231210 (base 5) in base 2?
101110101111010
Convert 4272 (base 8) to base 5.
32414
What is 14231 (base 5) in base 10?
1191
Convert 11411 (base 5) to base 12.
5b4
-4 (base 7) to base 15
-4
What is 13c7 (base 14) in base 8?
6663
What is -1011101000 (base 2) in base 3?
-1000120
Convert -10010111100 (base 2) to base 12.
-850
What is 6763 (base 8) in base 6?
24311
1273 (base 9) to base 8
1675
-395 (base 14) to base 10
-719
-1b6 (base 16) to base 8
-666
What is 1322 (base 14) in base 9?
4545
Convert -3d38 (base 16) to base 13.
-7197
-20310 (base 4) to base 5
-4224
22313222 (base 4) to base 6
542042
Convert 12056 (base 12) to base 11.
17253
What is 10111110101 (base 2) in base 3?
2002111
-3b (base 15) to base 11
-51
What is 10011111001010 (base 2) in base 14?
39d8
-10110011100 (base 2) to base 15
-65b
Convert -100122111 (base 3) to base 15.
-213d
Convert -3243 (base 5) to base 6.
-2024
-4123 (base 15) to base 10
-13758
c4 (base 16) to base 3
21021
Convert 611 (base 8) to base 3.
112120
What is 3f (base 16) in base 13?
4b
-3d7 (base 16) to base 2
-1111010111
-3627 (base 10) to base 12
-2123
4662 (base 14) to base 10
12238
-100011 (base 4) to base 8
-2005
-2122000 (base 3) to base 9
-2560
130423 (base 5) to base 16
13f9
10032 (base 4) to base 2
100001110
Convert -2466 (base 9) to base 12.
-1096
-107 (base 14) to base 7
-410
-3000 (base 5) to base 10
-375
Convert 4aa (base 11) to base 4.
21130
Convert -726 (base 8) to base 3.
-122102
Convert -211 (base 5) to base 4.
-320
What is 1000010000 (base 2) in base 10?
528
Convert 10 (base 13) to base 16.
d
Convert 2b2 (base 14) to base 2.
1000100100
-568 (base 11) to base 16
-2a7
-44343 (base 5) to base 7
-12014
Convert -3443 (base 5) to base 14.
-278
1001102110 (base 3) to base 2
101000011110001
Convert 3a12 (base 11) to base 3.
21011012
-14122 (base 5) to base 15
-527
What is -1100101001110 (base 2) in base 11?
-495a
1182 (base 10) to base 2
10010011110
-1503 (base 9) to base 10
-1137
What is -204 (base 6) in base 8?
-114
-5442 (base 8) to base 3
-10220120
What is -831 (base 16) in base 15?
-94c
What is -1300 (base 13) in base 12?
-1694
1001000012 (base 3) to base 15
60b2
ae6 (base 16) to base 4
223212
Convert -6123 (base 7) to base 3.
-2220200
Convert 42323 (base 6) to base 5.
140424
-1471 (base 10) to base 5
-21341
11953 (base 10) to base 11
8a87
What is 34121 (base 5) in base 10?
2411
30eb (base 16) to base 4
3003223
22222 (base 5) to base 6
11122
Convert -3539 (base 11) to base 4.
-1020200
20316 (base 8) to base 2
10000011001110
Convert 4f4b (base 16) to base 8.
47513
What is -89d1 (base 15) in base 7?
-151123
What is 10206 (base 14) in base 8?
113636
4287 (base 10) to base 11
3248
Convert -4303 (base 8) to base 4.
-203003
What is 1127 (base 9) in base 6?
3511
-8129 (base 11) to base 14
-3d16
What is 110112 (base 3) in base 10?
338
15f (base 16) to base 15
186
Convert 1292a (base 15) to base 2.
1110100000110000
Convert 5152 (base 6) to base 7.
3230
Convert 1120111 (base 3) to base 8.
2173
What is -1440 (base 7) in base 3?
-210000
-12402 (base 9) to base 3
-102110002
Convert 45424 (base 9) to base 14.
b039
Convert -274 (base 10) to base 8.
-422
Convert 2580 (base 9) to base 15.
890
-30434 (base 6) to base 10
-4054
Convert 50016 (base 8) to base 15.
6114
Convert 1950 (base 10) to base 9.
2606
Convert 315544 (base 6) to base 12.
12bb4
Convert 23d (base 16) to base 10.
573
-66713 (base 8) to base 13
-ca41
What is 1801 (base 13) in base 8?
6736
Convert -3246 (base 7) to base 12.
-809
Convert -110345 (base 7) to base 9.
-28532
What is -2470 (base 11) in base 14?
-1263
What is 51c (base 15) in base 14?
5c4
Convert -1111111110 (base 2) to base 4.
-33332
Convert 5759 (base 13) to base 2.
10111111010010
What is 5c78 (base 13) in base 4?
3030320
What is -120000110 (base 3) in base 8?
-25303
Convert 136321 (base 7) to base 15.
7b8a
-200044 (base 7) to base 15
-9e81
-289c (base 14) to base 10
-7194
ad (base 16) to base 15
b8
What is 14b14 (base 12) in base 7?
151162
86 (base 10) to base 3
10012
1000101001 (base 2) to base 14
2b7
What is -24b5 (base 13) in base 2?
-1010001100010
Convert 243 (base 15) to base 13.
306
54532 (base 6) to base 12
4448
309 (base 10) to base 8
465
What is -102220213 (base 4) in base 15?
-17937
What is -49301 (base 10) in base 15?
-e91b
Convert a17 (base 11) to base 2.
10011001100
-1005 (base 6) to base 14
-11b
Convert -1623 (base 8) to base 9.
-1226
1362 (base 11) to base 5
24022
What is 8db5 (base 15) in base 12?
154bb
What is -1224104 (base 5) in base 12?
-11832
What is -10011000001 (base 2) in base 13?
-728
Convert -132112 (base 4) to base 9.
-2587
Convert 11011000101011 (base 2) to base 7.
55300
What is 224 (base 6) in base 10?
88
1010222 (base 3) to base 6
3512
What is 1119 (base 10) in base 16?
45f
What is -2a5a (base 12) in base 9?
-6727
What is -2377 (base 11) in base 14?
-11c1
Convert 3230223 (base 4) to base 15.
474c
Convert 953 (base 11) to base 2.
10001111011
What is -79 (base 15) in base 9?
-136
Convert -1254 (base 13) to base 4.
-220230
What is -7a6a (base 12) in base 10?
-13618
-11202 (base 3) to base 5
-1003
-151 (base 8) to base 7
-210
Convert -40005 (base 6) to base 13.
-2492
Convert -5220 (base 6) to base 13.
-6b7
-30244 (base 8) to base 16
-30a4
Convert 2629 (base 15) to base 8.
17713
Convert 1a96 (base 15) to base 6.
42410
What is 840 (base 12) in base 16?
4b0
3113301 (base 4) to base 8
32761
Convert cb (base 13) to base 3.
20012
What is 344a (base 16) in base 5?
412021
Convert 41b (base 12) to base 9.
735
100 (base 6) to base 10
36
348 (base 14) to base 7
1621
What is 86 (base 9) in base 8?
116
1010001100111010 (base 2) to base 14
1132a
What is -4860 (base 14) in base 10?
-12628
What is 3da (base 14) in base 2?
1100001100
Convert -43c2 (base 16) to base 3.
-212210110
27835 (base 11) to base 16
9ab5
Convert -332222 (base 4) to base 10.
-4010
Convert 2642 (base 8) to base 2.
10110100010
110130 (base 5) to base 11
2936
Convert 28950 (base 10) to base 11.
1a829
1013320 (base 4) to base 14
1968
What is -2101001201 (base 3) in base 6?
-1000114
What is -269 (base 10) in base 9?
-328
-1127 (base 9) to base 15
-3aa
What is c7e (base 15) in base 7?
11135
What is 100451 (base 6) in base 9?
11814
What is -14414 (base 5) in base 16?
-4d2
What is -832 (base 14) in base 12?
-b24
a603 (base 12) to base 8
43343
Convert 53652 (base 7) to base 6.
141513
Convert -10732 (base 8) to base 14.
-1946
a25 (base 12) to base 6
10445
What is 3184 (base 12) in base 8?
12464
What is -121200101 (base 3) in base 2?
-10111110000000
-1001211010 (base 3) to base 13
-9741
What is 10101011000011000 (base 2) in base 9?
143116
What is -1299 (base 12) in base 9?
-2830
What is -3bf8 (base 16) in base 9?
-23047
What is -2047 (base 11) in base 13?
-1309
What is 30c8 (base 14) in base 16?
20d8
-234533 (base 6) to base 3
-1001010110
-2210021112 (base 3) to base 4
-31121132
What is -10101000001001 (base 2) in base 7?
-43242
What is 12850 (base 14) in base 2?
1011000111100110
-21101202 (base 3) to base 11
-4063
-b6c (base 13) to base 15
-89e
Convert -a0 (base 11) to base 16.
-6e
What is 3013 (base 4) in base 7?
403
Convert 1033 (base 4) to base 8.
117
Convert -14c (base 15) to base 5.
-2142
-802 (base 15) to base 5
-24202
-2621 (base 12) to base 7
-15445
-54045 (base 6) to base 4
-1303031
What is -aa (base 12) in base 5?
-1010
What is 5512 (base 12) in base 5?
244444
Convert 337 (base 15) to base 4.
23113
Convert f38 (base 16) to base 15.
124b
Convert -110000100001010 (base 2) to base 15.
-7562
Convert 14001 (base 5) to base 3.
1112201
Convert 128 (base 15) to base 10.
263
Convert -61a (base 12) to base 9.
-1184
-4003 (base 11) to base 10
-5327
What is 20120 (base